{"id":1553,"date":"2020-05-17T21:43:52","date_gmt":"2020-05-17T19:43:52","guid":{"rendered":"https:\/\/www.gresduvent.fr\/site\/?page_id=1553"},"modified":"2021-08-15T17:36:26","modified_gmt":"2021-08-15T15:36:26","slug":"commande-panier","status":"publish","type":"page","link":"https:\/\/www.gresduvent.fr\/site\/commande-panier\/","title":{"rendered":"Commande-Panier"},"content":{"rendered":"<p>Rendez-vous sur mon site vendeur o\u00f9 vous pourrez choisir, commander, me poser des questions et payer votre panier en toute s\u00e9curit\u00e9 :\u00a0 <a href=\"https:\/\/gresduvent.eproshopping.fr\">https:\/\/gresduvent.eproshopping.fr<\/a><\/p>\n","protected":false},"excerpt":{"rendered":"<p>Rendez-vous sur mon site vendeur o\u00f9 vous pourrez choisir, commander, me poser des questions et payer votre panier en toute s\u00e9curit\u00e9 :\u00a0 https:\/\/gresduvent.eproshopping.fr<\/p>\n","protected":false},"author":2,"featured_media":0,"parent":0,"menu_order":0,"comment_status":"closed","ping_status":"closed","template":"","meta":{"footnotes":""},"class_list":["post-1553","page","type-page","status-publish","hentry","clearfix"],"_links":{"self":[{"href":"https:\/\/www.gresduvent.fr\/site\/wp-json\/wp\/v2\/pages\/1553","targetHints":{"allow":["GET"]}}],"collection":[{"href":"https:\/\/www.gresduvent.fr\/site\/wp-json\/wp\/v2\/pages"}],"about":[{"href":"https:\/\/www.gresduvent.fr\/site\/wp-json\/wp\/v2\/types\/page"}],"author":[{"embeddable":true,"href":"https:\/\/www.gresduvent.fr\/site\/wp-json\/wp\/v2\/users\/2"}],"replies":[{"embeddable":true,"href":"https:\/\/www.gresduvent.fr\/site\/wp-json\/wp\/v2\/comments?post=1553"}],"version-history":[{"count":12,"href":"https:\/\/www.gresduvent.fr\/site\/wp-json\/wp\/v2\/pages\/1553\/revisions"}],"predecessor-version":[{"id":1719,"href":"https:\/\/www.gresduvent.fr\/site\/wp-json\/wp\/v2\/pages\/1553\/revisions\/1719"}],"wp:attachment":[{"href":"https:\/\/www.gresduvent.fr\/site\/wp-json\/wp\/v2\/media?parent=1553"}],"curies":[{"name":"wp","href":"https:\/\/api.w.org\/{rel}","templated":true}]}}