{"id":400,"date":"2019-08-06T18:47:33","date_gmt":"2019-08-06T16:47:33","guid":{"rendered":"https:\/\/www.gresduvent.fr\/site\/?page_id=400"},"modified":"2025-06-26T16:49:26","modified_gmt":"2025-06-26T14:49:26","slug":"la-boutique","status":"publish","type":"page","link":"https:\/\/www.gresduvent.fr\/site\/la-boutique\/","title":{"rendered":"La boutique"},"content":{"rendered":"<h1>Boutique &#8220;Au Gr\u00e8s du Vent&#8221;<\/h1>\n<p><a href=\"https:\/\/www.gresduvent.fr\/site\/wp-content\/uploads\/2022\/08\/45C722F1-FE25-418F-B23A-786C9809E563.jpeg\"><img loading=\"lazy\" decoding=\"async\" class=\"aligncenter size-medium wp-image-2063\" src=\"https:\/\/www.gresduvent.fr\/site\/wp-content\/uploads\/2022\/08\/45C722F1-FE25-418F-B23A-786C9809E563-300x225.jpeg\" alt=\"\" width=\"300\" height=\"225\" srcset=\"https:\/\/www.gresduvent.fr\/site\/wp-content\/uploads\/2022\/08\/45C722F1-FE25-418F-B23A-786C9809E563-300x225.jpeg 300w, https:\/\/www.gresduvent.fr\/site\/wp-content\/uploads\/2022\/08\/45C722F1-FE25-418F-B23A-786C9809E563-1024x768.jpeg 1024w, https:\/\/www.gresduvent.fr\/site\/wp-content\/uploads\/2022\/08\/45C722F1-FE25-418F-B23A-786C9809E563-768x576.jpeg 768w, https:\/\/www.gresduvent.fr\/site\/wp-content\/uploads\/2022\/08\/45C722F1-FE25-418F-B23A-786C9809E563-800x600.jpeg 800w, https:\/\/www.gresduvent.fr\/site\/wp-content\/uploads\/2022\/08\/45C722F1-FE25-418F-B23A-786C9809E563-520x390.jpeg 520w, https:\/\/www.gresduvent.fr\/site\/wp-content\/uploads\/2022\/08\/45C722F1-FE25-418F-B23A-786C9809E563-360x270.jpeg 360w, https:\/\/www.gresduvent.fr\/site\/wp-content\/uploads\/2022\/08\/45C722F1-FE25-418F-B23A-786C9809E563-250x188.jpeg 250w, https:\/\/www.gresduvent.fr\/site\/wp-content\/uploads\/2022\/08\/45C722F1-FE25-418F-B23A-786C9809E563-100x75.jpeg 100w, https:\/\/www.gresduvent.fr\/site\/wp-content\/uploads\/2022\/08\/45C722F1-FE25-418F-B23A-786C9809E563.jpeg 1333w\" sizes=\"auto, (max-width: 300px) 100vw, 300px\" \/><\/a><\/p>\n<p>18 avenue des plantations<\/p>\n<p>38350 La Mure<\/p>\n<p>&nbsp;<\/p>\n<p>&nbsp;<\/p>\n<h2>Horaires<\/h2>\n<h6>pendant l\u2019ann\u00e9e scolaire :<\/h6>\n<ul>\n<li><span style=\"line-height: 1.5;\">Les lundis de 9.00-12.30, 14.00-20.00<\/span><\/li>\n<li><span style=\"line-height: 1.5;\">les mardis, mercredis et jeudis de 16h30 \u00e0 19h30<br \/>\n<\/span><\/li>\n<li>les samedis, regarder sur Google, mise \u00e0 jour toutes les semaines pour ce jour-l\u00e0<\/li>\n<li>les autres jours, j\u2019ouvre sur rendez-vous, n\u2019h\u00e9sitez pas \u00e0 me contacter!<\/li>\n<li>Contact : Rapha\u00eble au 06-58-00-81-48<\/li>\n<\/ul>\n<h6>pendant les vacances d\u2019\u00e9t\u00e9 :<\/h6>\n<p>* jeudi et vendredi de 14.00 \u00e0 19.00<\/p>\n","protected":false},"excerpt":{"rendered":"<p>Boutique &#8220;Au Gr\u00e8s du Vent&#8221; 18 avenue des plantations 38350 La Mure &nbsp; &nbsp; Horaires pendant l\u2019ann\u00e9e scolaire : Les lundis de 9.00-12.30, 14.00-20.00 les mardis, mercredis et jeudis de 16h30 \u00e0 19h30 les samedis, regarder sur Google, mise \u00e0 [&hellip;]<\/p>\n","protected":false},"author":1,"featured_media":0,"parent":0,"menu_order":0,"comment_status":"closed","ping_status":"closed","template":"","meta":{"footnotes":""},"class_list":["post-400","page","type-page","status-publish","hentry","clearfix"],"_links":{"self":[{"href":"https:\/\/www.gresduvent.fr\/site\/wp-json\/wp\/v2\/pages\/400","targetHints":{"allow":["GET"]}}],"collection":[{"href":"https:\/\/www.gresduvent.fr\/site\/wp-json\/wp\/v2\/pages"}],"about":[{"href":"https:\/\/www.gresduvent.fr\/site\/wp-json\/wp\/v2\/types\/page"}],"author":[{"embeddable":true,"href":"https:\/\/www.gresduvent.fr\/site\/wp-json\/wp\/v2\/users\/1"}],"replies":[{"embeddable":true,"href":"https:\/\/www.gresduvent.fr\/site\/wp-json\/wp\/v2\/comments?post=400"}],"version-history":[{"count":27,"href":"https:\/\/www.gresduvent.fr\/site\/wp-json\/wp\/v2\/pages\/400\/revisions"}],"predecessor-version":[{"id":2709,"href":"https:\/\/www.gresduvent.fr\/site\/wp-json\/wp\/v2\/pages\/400\/revisions\/2709"}],"wp:attachment":[{"href":"https:\/\/www.gresduvent.fr\/site\/wp-json\/wp\/v2\/media?parent=400"}],"curies":[{"name":"wp","href":"https:\/\/api.w.org\/{rel}","templated":true}]}}

<h1>Boutique &#8220;Au Grès du Vent&#8221;</h1>
<p><a href="https://www.gresduvent.fr/site/wp-content/uploads/2022/08/45C722F1-FE25-418F-B23A-786C9809E563.jpeg"><img loading="lazy" decoding="async" class="aligncenter size-medium wp-image-2063" src="https://www.gresduvent.fr/site/wp-content/uploads/2022/08/45C722F1-FE25-418F-B23A-786C9809E563-300x225.jpeg" alt="" width="300" height="225" srcset="https://www.gresduvent.fr/site/wp-content/uploads/2022/08/45C722F1-FE25-418F-B23A-786C9809E563-300x225.jpeg 300w, https://www.gresduvent.fr/site/wp-content/uploads/2022/08/45C722F1-FE25-418F-B23A-786C9809E563-1024x768.jpeg 1024w, https://www.gresduvent.fr/site/wp-content/uploads/2022/08/45C722F1-FE25-418F-B23A-786C9809E563-768x576.jpeg 768w, https://www.gresduvent.fr/site/wp-content/uploads/2022/08/45C722F1-FE25-418F-B23A-786C9809E563-800x600.jpeg 800w, https://www.gresduvent.fr/site/wp-content/uploads/2022/08/45C722F1-FE25-418F-B23A-786C9809E563-520x390.jpeg 520w, https://www.gresduvent.fr/site/wp-content/uploads/2022/08/45C722F1-FE25-418F-B23A-786C9809E563-360x270.jpeg 360w, https://www.gresduvent.fr/site/wp-content/uploads/2022/08/45C722F1-FE25-418F-B23A-786C9809E563-250x188.jpeg 250w, https://www.gresduvent.fr/site/wp-content/uploads/2022/08/45C722F1-FE25-418F-B23A-786C9809E563-100x75.jpeg 100w, https://www.gresduvent.fr/site/wp-content/uploads/2022/08/45C722F1-FE25-418F-B23A-786C9809E563.jpeg 1333w" sizes="auto, (max-width: 300px) 100vw, 300px" /></a></p>
<p>18 avenue des plantations</p>
<p>38350 La Mure</p>
<p>&nbsp;</p>
<p>&nbsp;</p>
<h2>Horaires</h2>
<h6>pendant l’année scolaire :</h6>
<ul>
<li><span style="line-height: 1.5;">Les lundis de 9.00-12.30, 14.00-20.00</span></li>
<li><span style="line-height: 1.5;">les mardis, mercredis et jeudis de 16h30 à 19h30<br />
</span></li>
<li>les samedis, regarder sur Google, mise à jour toutes les semaines pour ce jour-là</li>
<li>les autres jours, j’ouvre sur rendez-vous, n’hésitez pas à me contacter!</li>
<li>Contact : Raphaële au 06-58-00-81-48</li>
</ul>
<h6>pendant les vacances d’été :</h6>
<p>* jeudi et vendredi de 14.00 à 19.00</p>

<p>Boutique &#8220;Au Grès du Vent&#8221; 18 avenue des plantations 38350 La Mure &nbsp; &nbsp; Horaires pendant l’année scolaire : Les lundis de 9.00-12.30, 14.00-20.00 les mardis, mercredis et jeudis de 16h30 à 19h30 les samedis, regarder sur Google, mise à [&hellip;]</p>
