{"id":410,"date":"2019-08-07T10:20:06","date_gmt":"2019-08-07T08:20:06","guid":{"rendered":"https:\/\/www.gresduvent.fr\/site\/?page_id=410"},"modified":"2020-01-16T18:25:08","modified_gmt":"2020-01-16T17:25:08","slug":"les-grands-hommes-le-reve-de-saint-exupery","status":"publish","type":"page","link":"https:\/\/www.gresduvent.fr\/site\/sculptures\/les-grands-hommes-le-reve-de-saint-exupery\/","title":{"rendered":"Les grands Hommes"},"content":{"rendered":"<h2>Le r\u00eave de Saint Exup\u00e9ry<\/h2>\n<p>Mod\u00e8le \u00e0 commander. Possibilit\u00e9 de personnaliser en demandant certaines couleurs, etc&#8230; me contacter pour en discuter<\/p>\n<div data-carousel-extra='{\"blog_id\":1,\"permalink\":\"https:\\\/\\\/www.gresduvent.fr\\\/site\\\/sculptures\\\/les-grands-hommes-le-reve-de-saint-exupery\\\/\",\"likes_blog_id\":false}' class=\"tiled-gallery type-rectangular tiled-gallery-unresized\" data-original-width=\"800\"><div class=\"gallery-row\" style=\"width: 795px; height: 415px;\"><div class=\"gallery-group images-1\" style=\"width: 501px; height: 419px;\"><div class=\"tiled-gallery-item tiled-gallery-item-large\"><a href=\"https:\/\/www.gresduvent.fr\/site\/wp-content\/uploads\/2019\/08\/Grands-Hommes-R\u00eave-de-St-Exup\u00e9ry2.jpg\"><img loading=\"lazy\" decoding=\"async\" data-attachment-id=\"411\" data-orig-file=\"https:\/\/www.gresduvent.fr\/site\/wp-content\/uploads\/2019\/08\/Grands-Hommes-R\u00eave-de-St-Exup\u00e9ry2.jpg\" data-orig-size=\"1224,1024\" data-comments-opened=\"0\" data-image-meta=\"{&quot;aperture&quot;:&quot;0&quot;,&quot;credit&quot;:&quot;&quot;,&quot;camera&quot;:&quot;&quot;,&quot;caption&quot;:&quot;&quot;,&quot;created_timestamp&quot;:&quot;0&quot;,&quot;copyright&quot;:&quot;&quot;,&quot;focal_length&quot;:&quot;0&quot;,&quot;iso&quot;:&quot;0&quot;,&quot;shutter_speed&quot;:&quot;0&quot;,&quot;title&quot;:&quot;&quot;,&quot;orientation&quot;:&quot;0&quot;,&quot;keywords&quot;:&quot;Array&quot;}\" data-image-title=\"Grands Hommes, R\u00eave de St Exup\u00e9ry\" data-image-description=\"\" data-medium-file=\"https:\/\/www.gresduvent.fr\/site\/wp-content\/uploads\/2019\/08\/Grands-Hommes-R\u00eave-de-St-Exup\u00e9ry2-300x251.jpg\" data-large-file=\"https:\/\/www.gresduvent.fr\/site\/wp-content\/uploads\/2019\/08\/Grands-Hommes-R\u00eave-de-St-Exup\u00e9ry2-1024x857.jpg\" src=\"https:\/\/www.gresduvent.fr\/site\/wp-content\/uploads\/2019\/08\/Grands-Hommes-R\u00eave-de-St-Exup\u00e9ry2.jpg?w=497&#038;h=415\" width=\"497\" height=\"415\" align=\"left\" title=\"Grands Hommes, R\u00eave de St Exup\u00e9ry\" \/><\/a><\/div><\/div><div class=\"gallery-group images-2\" style=\"width: 294px; height: 419px;\"><div class=\"tiled-gallery-item tiled-gallery-item-large\"><a href=\"sculptures\/les-grands-hommes-le-reve-de-saint-exupery\/\" class=\"no-lightbox\"><img loading=\"lazy\" decoding=\"async\" data-attachment-id=\"412\" data-orig-file=\"https:\/\/www.gresduvent.fr\/site\/wp-content\/uploads\/2019\/08\/Grands-Hommes-R\u00eave-de-St-Exup\u00e9ry.jpg\" data-orig-size=\"1280,892\" data-comments-opened=\"0\" data-image-meta=\"{&quot;aperture&quot;:&quot;0&quot;,&quot;credit&quot;:&quot;&quot;,&quot;camera&quot;:&quot;&quot;,&quot;caption&quot;:&quot;&quot;,&quot;created_timestamp&quot;:&quot;0&quot;,&quot;copyright&quot;:&quot;&quot;,&quot;focal_length&quot;:&quot;0&quot;,&quot;iso&quot;:&quot;0&quot;,&quot;shutter_speed&quot;:&quot;0&quot;,&quot;title&quot;:&quot;&quot;,&quot;orientation&quot;:&quot;0&quot;,&quot;keywords&quot;:&quot;Array&quot;}\" data-image-title=\"Grands Hommes, R\u00eave de St Exup\u00e9ry\" data-image-description=\"\" data-medium-file=\"https:\/\/www.gresduvent.fr\/site\/wp-content\/uploads\/2019\/08\/Grands-Hommes-R\u00eave-de-St-Exup\u00e9ry-300x209.jpg\" data-large-file=\"https:\/\/www.gresduvent.fr\/site\/wp-content\/uploads\/2019\/08\/Grands-Hommes-R\u00eave-de-St-Exup\u00e9ry-1024x714.jpg\" src=\"https:\/\/www.gresduvent.fr\/site\/wp-content\/uploads\/2019\/08\/Grands-Hommes-R\u00eave-de-St-Exup\u00e9ry.jpg?w=290&#038;h=202\" width=\"290\" height=\"202\" align=\"left\" title=\"Grands Hommes, R\u00eave de St Exup\u00e9ry\" \/><\/a><\/div><div class=\"tiled-gallery-item tiled-gallery-item-large\"><a href=\"https:\/\/www.gresduvent.fr\/site\/wp-content\/uploads\/2019\/08\/Grands-Hommes-R\u00eave-de-St-Exup\u00e9ry1.jpg\"><img loading=\"lazy\" decoding=\"async\" data-attachment-id=\"413\" data-orig-file=\"https:\/\/www.gresduvent.fr\/site\/wp-content\/uploads\/2019\/08\/Grands-Hommes-R\u00eave-de-St-Exup\u00e9ry1.jpg\" data-orig-size=\"1280,921\" data-comments-opened=\"0\" data-image-meta=\"{&quot;aperture&quot;:&quot;0&quot;,&quot;credit&quot;:&quot;&quot;,&quot;camera&quot;:&quot;&quot;,&quot;caption&quot;:&quot;&quot;,&quot;created_timestamp&quot;:&quot;0&quot;,&quot;copyright&quot;:&quot;&quot;,&quot;focal_length&quot;:&quot;0&quot;,&quot;iso&quot;:&quot;0&quot;,&quot;shutter_speed&quot;:&quot;0&quot;,&quot;title&quot;:&quot;&quot;,&quot;orientation&quot;:&quot;0&quot;,&quot;keywords&quot;:&quot;Array&quot;}\" data-image-title=\"Grands Hommes, R\u00eave de St Exup\u00e9ry\" data-image-description=\"\" data-medium-file=\"https:\/\/www.gresduvent.fr\/site\/wp-content\/uploads\/2019\/08\/Grands-Hommes-R\u00eave-de-St-Exup\u00e9ry1-300x216.jpg\" data-large-file=\"https:\/\/www.gresduvent.fr\/site\/wp-content\/uploads\/2019\/08\/Grands-Hommes-R\u00eave-de-St-Exup\u00e9ry1-1024x737.jpg\" src=\"https:\/\/www.gresduvent.fr\/site\/wp-content\/uploads\/2019\/08\/Grands-Hommes-R\u00eave-de-St-Exup\u00e9ry1.jpg?w=290&#038;h=209\" width=\"290\" height=\"209\" align=\"left\" title=\"Grands Hommes, R\u00eave de St Exup\u00e9ry\" \/><\/a><\/div><\/div><\/div><\/div>\n<p>&nbsp;<\/p>\n","protected":false},"excerpt":{"rendered":"<p>Le r\u00eave de Saint Exup\u00e9ry Mod\u00e8le \u00e0 commander. Possibilit\u00e9 de personnaliser en demandant certaines couleurs, etc&#8230; me contacter pour en discuter &nbsp;<\/p>\n","protected":false},"author":1,"featured_media":0,"parent":415,"menu_order":0,"comment_status":"closed","ping_status":"closed","template":"","meta":{"footnotes":""},"class_list":["post-410","page","type-page","status-publish","hentry","clearfix"],"_links":{"self":[{"href":"https:\/\/www.gresduvent.fr\/site\/wp-json\/wp\/v2\/pages\/410","targetHints":{"allow":["GET"]}}],"collection":[{"href":"https:\/\/www.gresduvent.fr\/site\/wp-json\/wp\/v2\/pages"}],"about":[{"href":"https:\/\/www.gresduvent.fr\/site\/wp-json\/wp\/v2\/types\/page"}],"author":[{"embeddable":true,"href":"https:\/\/www.gresduvent.fr\/site\/wp-json\/wp\/v2\/users\/1"}],"replies":[{"embeddable":true,"href":"https:\/\/www.gresduvent.fr\/site\/wp-json\/wp\/v2\/comments?post=410"}],"version-history":[{"count":15,"href":"https:\/\/www.gresduvent.fr\/site\/wp-json\/wp\/v2\/pages\/410\/revisions"}],"predecessor-version":[{"id":1101,"href":"https:\/\/www.gresduvent.fr\/site\/wp-json\/wp\/v2\/pages\/410\/revisions\/1101"}],"up":[{"embeddable":true,"href":"https:\/\/www.gresduvent.fr\/site\/wp-json\/wp\/v2\/pages\/415"}],"wp:attachment":[{"href":"https:\/\/www.gresduvent.fr\/site\/wp-json\/wp\/v2\/media?parent=410"}],"curies":[{"name":"wp","href":"https:\/\/api.w.org\/{rel}","templated":true}]}}