{"id":425,"date":"2019-08-07T10:46:20","date_gmt":"2019-08-07T08:46:20","guid":{"rendered":"https:\/\/www.gresduvent.fr\/site\/?page_id=425"},"modified":"2020-01-16T18:49:06","modified_gmt":"2020-01-16T17:49:06","slug":"plus-dart","status":"publish","type":"page","link":"https:\/\/www.gresduvent.fr\/site\/sculptures\/plus-dart\/","title":{"rendered":"plus d&#8217;Art"},"content":{"rendered":"<h2>Cantatrice<\/h2>\n<p>Mod\u00e8le \u00e0 commander. Possibilit\u00e9 de personnaliser en demandant certaines couleurs, etc&#8230; me contacter pour en discuter.<\/p>\n<div data-carousel-extra='{\"blog_id\":1,\"permalink\":\"https:\\\/\\\/www.gresduvent.fr\\\/site\\\/sculptures\\\/plus-dart\\\/\",\"likes_blog_id\":false}' class=\"tiled-gallery type-rectangular tiled-gallery-unresized\" data-original-width=\"800\"><div class=\"gallery-row\" style=\"width: 795px; height: 286px;\"><div class=\"gallery-group images-1\" style=\"width: 195px; height: 290px;\"><div class=\"tiled-gallery-item tiled-gallery-item-small\"><a href=\"https:\/\/www.gresduvent.fr\/site\/wp-content\/uploads\/2019\/08\/plus-dArt-Cantatrice6.jpg\"><img loading=\"lazy\" decoding=\"async\" data-attachment-id=\"430\" data-orig-file=\"https:\/\/www.gresduvent.fr\/site\/wp-content\/uploads\/2019\/08\/plus-dArt-Cantatrice6.jpg\" data-orig-size=\"682,1024\" data-comments-opened=\"0\" data-image-meta=\"{&quot;aperture&quot;:&quot;0&quot;,&quot;credit&quot;:&quot;&quot;,&quot;camera&quot;:&quot;&quot;,&quot;caption&quot;:&quot;&quot;,&quot;created_timestamp&quot;:&quot;0&quot;,&quot;copyright&quot;:&quot;&quot;,&quot;focal_length&quot;:&quot;0&quot;,&quot;iso&quot;:&quot;0&quot;,&quot;shutter_speed&quot;:&quot;0&quot;,&quot;title&quot;:&quot;&quot;,&quot;orientation&quot;:&quot;0&quot;,&quot;keywords&quot;:&quot;Array&quot;}\" data-image-title=\"plus d&#8217;Art, Cantatrice6\" data-image-description=\"\" data-medium-file=\"https:\/\/www.gresduvent.fr\/site\/wp-content\/uploads\/2019\/08\/plus-dArt-Cantatrice6-200x300.jpg\" data-large-file=\"https:\/\/www.gresduvent.fr\/site\/wp-content\/uploads\/2019\/08\/plus-dArt-Cantatrice6-682x1024.jpg\" src=\"https:\/\/www.gresduvent.fr\/site\/wp-content\/uploads\/2019\/08\/plus-dArt-Cantatrice6.jpg?w=191&#038;h=286\" width=\"191\" height=\"286\" align=\"left\" title=\"plus d&#039;Art, Cantatrice6\" \/><\/a><\/div><\/div><div class=\"gallery-group images-1\" style=\"width: 202px; height: 290px;\"><div class=\"tiled-gallery-item tiled-gallery-item-small\"><a href=\"https:\/\/www.gresduvent.fr\/site\/wp-content\/uploads\/2019\/08\/plus-dArt-Cantatrice3.jpg\"><img loading=\"lazy\" decoding=\"async\" data-attachment-id=\"427\" data-orig-file=\"https:\/\/www.gresduvent.fr\/site\/wp-content\/uploads\/2019\/08\/plus-dArt-Cantatrice3.jpg\" data-orig-size=\"708,1024\" data-comments-opened=\"0\" data-image-meta=\"{&quot;aperture&quot;:&quot;0&quot;,&quot;credit&quot;:&quot;&quot;,&quot;camera&quot;:&quot;&quot;,&quot;caption&quot;:&quot;&quot;,&quot;created_timestamp&quot;:&quot;0&quot;,&quot;copyright&quot;:&quot;&quot;,&quot;focal_length&quot;:&quot;0&quot;,&quot;iso&quot;:&quot;0&quot;,&quot;shutter_speed&quot;:&quot;0&quot;,&quot;title&quot;:&quot;&quot;,&quot;orientation&quot;:&quot;0&quot;,&quot;keywords&quot;:&quot;Array&quot;}\" data-image-title=\"plus d&#8217;Art, Cantatrice3\" data-image-description=\"\" data-medium-file=\"https:\/\/www.gresduvent.fr\/site\/wp-content\/uploads\/2019\/08\/plus-dArt-Cantatrice3-207x300.jpg\" data-large-file=\"https:\/\/www.gresduvent.fr\/site\/wp-content\/uploads\/2019\/08\/plus-dArt-Cantatrice3-708x1024.jpg\" src=\"https:\/\/www.gresduvent.fr\/site\/wp-content\/uploads\/2019\/08\/plus-dArt-Cantatrice3.jpg?w=198&#038;h=286\" width=\"198\" height=\"286\" align=\"left\" title=\"plus d&#039;Art, Cantatrice3\" \/><\/a><\/div><\/div><div class=\"gallery-group images-1\" style=\"width: 205px; height: 290px;\"><div class=\"tiled-gallery-item tiled-gallery-item-small\"><a href=\"https:\/\/www.gresduvent.fr\/site\/wp-content\/uploads\/2019\/08\/plus-dArt-Cantatrice4.jpg\"><img loading=\"lazy\" decoding=\"async\" data-attachment-id=\"428\" data-orig-file=\"https:\/\/www.gresduvent.fr\/site\/wp-content\/uploads\/2019\/08\/plus-dArt-Cantatrice4.jpg\" data-orig-size=\"720,1024\" data-comments-opened=\"0\" data-image-meta=\"{&quot;aperture&quot;:&quot;0&quot;,&quot;credit&quot;:&quot;&quot;,&quot;camera&quot;:&quot;&quot;,&quot;caption&quot;:&quot;&quot;,&quot;created_timestamp&quot;:&quot;0&quot;,&quot;copyright&quot;:&quot;&quot;,&quot;focal_length&quot;:&quot;0&quot;,&quot;iso&quot;:&quot;0&quot;,&quot;shutter_speed&quot;:&quot;0&quot;,&quot;title&quot;:&quot;&quot;,&quot;orientation&quot;:&quot;0&quot;,&quot;keywords&quot;:&quot;Array&quot;}\" data-image-title=\"plus d&#8217;Art, Cantatrice4\" data-image-description=\"\" data-medium-file=\"https:\/\/www.gresduvent.fr\/site\/wp-content\/uploads\/2019\/08\/plus-dArt-Cantatrice4-211x300.jpg\" data-large-file=\"https:\/\/www.gresduvent.fr\/site\/wp-content\/uploads\/2019\/08\/plus-dArt-Cantatrice4-720x1024.jpg\" src=\"https:\/\/www.gresduvent.fr\/site\/wp-content\/uploads\/2019\/08\/plus-dArt-Cantatrice4.jpg?w=201&#038;h=286\" width=\"201\" height=\"286\" align=\"left\" title=\"plus d&#039;Art, Cantatrice4\" \/><\/a><\/div><\/div><div class=\"gallery-group images-1\" style=\"width: 193px; height: 290px;\"><div class=\"tiled-gallery-item tiled-gallery-item-small\"><a href=\"https:\/\/www.gresduvent.fr\/site\/wp-content\/uploads\/2019\/08\/plus-dArt-Cantatrice5.jpg\"><img loading=\"lazy\" decoding=\"async\" data-attachment-id=\"429\" data-orig-file=\"https:\/\/www.gresduvent.fr\/site\/wp-content\/uploads\/2019\/08\/plus-dArt-Cantatrice5.jpg\" data-orig-size=\"678,1024\" data-comments-opened=\"0\" data-image-meta=\"{&quot;aperture&quot;:&quot;0&quot;,&quot;credit&quot;:&quot;&quot;,&quot;camera&quot;:&quot;&quot;,&quot;caption&quot;:&quot;&quot;,&quot;created_timestamp&quot;:&quot;0&quot;,&quot;copyright&quot;:&quot;&quot;,&quot;focal_length&quot;:&quot;0&quot;,&quot;iso&quot;:&quot;0&quot;,&quot;shutter_speed&quot;:&quot;0&quot;,&quot;title&quot;:&quot;&quot;,&quot;orientation&quot;:&quot;0&quot;,&quot;keywords&quot;:&quot;Array&quot;}\" data-image-title=\"plus d&#8217;Art, Cantatrice5\" data-image-description=\"\" data-medium-file=\"https:\/\/www.gresduvent.fr\/site\/wp-content\/uploads\/2019\/08\/plus-dArt-Cantatrice5-199x300.jpg\" data-large-file=\"https:\/\/www.gresduvent.fr\/site\/wp-content\/uploads\/2019\/08\/plus-dArt-Cantatrice5-678x1024.jpg\" src=\"https:\/\/www.gresduvent.fr\/site\/wp-content\/uploads\/2019\/08\/plus-dArt-Cantatrice5.jpg?w=189&#038;h=286\" width=\"189\" height=\"286\" align=\"left\" title=\"plus d&#039;Art, Cantatrice5\" \/><\/a><\/div><\/div><\/div><div class=\"gallery-row\" style=\"width: 795px; height: 367px;\"><div class=\"gallery-group images-1\" style=\"width: 555px; height: 371px;\"><div class=\"tiled-gallery-item tiled-gallery-item-large\"><a href=\"sculptures\/plus-dart\/\" class=\"no-lightbox\"><img loading=\"lazy\" decoding=\"async\" data-attachment-id=\"426\" data-orig-file=\"https:\/\/www.gresduvent.fr\/site\/wp-content\/uploads\/2019\/08\/plus-dArt-Cantatrice2.jpg\" data-orig-size=\"1280,853\" data-comments-opened=\"0\" data-image-meta=\"{&quot;aperture&quot;:&quot;0&quot;,&quot;credit&quot;:&quot;&quot;,&quot;camera&quot;:&quot;&quot;,&quot;caption&quot;:&quot;&quot;,&quot;created_timestamp&quot;:&quot;0&quot;,&quot;copyright&quot;:&quot;&quot;,&quot;focal_length&quot;:&quot;0&quot;,&quot;iso&quot;:&quot;0&quot;,&quot;shutter_speed&quot;:&quot;0&quot;,&quot;title&quot;:&quot;&quot;,&quot;orientation&quot;:&quot;0&quot;,&quot;keywords&quot;:&quot;Array&quot;}\" data-image-title=\"plus d&#8217;Art, Cantatrice2\" data-image-description=\"\" data-medium-file=\"https:\/\/www.gresduvent.fr\/site\/wp-content\/uploads\/2019\/08\/plus-dArt-Cantatrice2-300x200.jpg\" data-large-file=\"https:\/\/www.gresduvent.fr\/site\/wp-content\/uploads\/2019\/08\/plus-dArt-Cantatrice2-1024x682.jpg\" src=\"https:\/\/www.gresduvent.fr\/site\/wp-content\/uploads\/2019\/08\/plus-dArt-Cantatrice2.jpg?w=551&#038;h=367\" width=\"551\" height=\"367\" align=\"left\" title=\"plus d&#039;Art, Cantatrice2\" \/><\/a><\/div><\/div><div class=\"gallery-group images-1\" style=\"width: 240px; height: 371px;\"><div class=\"tiled-gallery-item tiled-gallery-item-small\"><a href=\"https:\/\/www.gresduvent.fr\/site\/wp-content\/uploads\/2019\/08\/plus-dArt-Cantatrice8.jpg\"><img loading=\"lazy\" decoding=\"async\" data-attachment-id=\"432\" data-orig-file=\"https:\/\/www.gresduvent.fr\/site\/wp-content\/uploads\/2019\/08\/plus-dArt-Cantatrice8.jpg\" data-orig-size=\"658,1024\" data-comments-opened=\"0\" data-image-meta=\"{&quot;aperture&quot;:&quot;0&quot;,&quot;credit&quot;:&quot;&quot;,&quot;camera&quot;:&quot;&quot;,&quot;caption&quot;:&quot;&quot;,&quot;created_timestamp&quot;:&quot;0&quot;,&quot;copyright&quot;:&quot;&quot;,&quot;focal_length&quot;:&quot;0&quot;,&quot;iso&quot;:&quot;0&quot;,&quot;shutter_speed&quot;:&quot;0&quot;,&quot;title&quot;:&quot;&quot;,&quot;orientation&quot;:&quot;0&quot;,&quot;keywords&quot;:&quot;Array&quot;}\" data-image-title=\"plus d&#8217;Art, Cantatrice8\" data-image-description=\"\" data-medium-file=\"https:\/\/www.gresduvent.fr\/site\/wp-content\/uploads\/2019\/08\/plus-dArt-Cantatrice8-193x300.jpg\" data-large-file=\"https:\/\/www.gresduvent.fr\/site\/wp-content\/uploads\/2019\/08\/plus-dArt-Cantatrice8-658x1024.jpg\" src=\"https:\/\/www.gresduvent.fr\/site\/wp-content\/uploads\/2019\/08\/plus-dArt-Cantatrice8.jpg?w=236&#038;h=367\" width=\"236\" height=\"367\" align=\"left\" title=\"plus d&#039;Art, Cantatrice8\" \/><\/a><\/div><\/div><\/div><\/div>\n<p>&nbsp;<\/p>\n","protected":false},"excerpt":{"rendered":"<p>Cantatrice Mod\u00e8le \u00e0 commander. Possibilit\u00e9 de personnaliser en demandant certaines couleurs, etc&#8230; me contacter pour en discuter. &nbsp;<\/p>\n","protected":false},"author":1,"featured_media":0,"parent":415,"menu_order":0,"comment_status":"closed","ping_status":"closed","template":"","meta":{"footnotes":""},"class_list":["post-425","page","type-page","status-publish","hentry","clearfix"],"_links":{"self":[{"href":"https:\/\/www.gresduvent.fr\/site\/wp-json\/wp\/v2\/pages\/425","targetHints":{"allow":["GET"]}}],"collection":[{"href":"https:\/\/www.gresduvent.fr\/site\/wp-json\/wp\/v2\/pages"}],"about":[{"href":"https:\/\/www.gresduvent.fr\/site\/wp-json\/wp\/v2\/types\/page"}],"author":[{"embeddable":true,"href":"https:\/\/www.gresduvent.fr\/site\/wp-json\/wp\/v2\/users\/1"}],"replies":[{"embeddable":true,"href":"https:\/\/www.gresduvent.fr\/site\/wp-json\/wp\/v2\/comments?post=425"}],"version-history":[{"count":9,"href":"https:\/\/www.gresduvent.fr\/site\/wp-json\/wp\/v2\/pages\/425\/revisions"}],"predecessor-version":[{"id":1114,"href":"https:\/\/www.gresduvent.fr\/site\/wp-json\/wp\/v2\/pages\/425\/revisions\/1114"}],"up":[{"embeddable":true,"href":"https:\/\/www.gresduvent.fr\/site\/wp-json\/wp\/v2\/pages\/415"}],"wp:attachment":[{"href":"https:\/\/www.gresduvent.fr\/site\/wp-json\/wp\/v2\/media?parent=425"}],"curies":[{"name":"wp","href":"https:\/\/api.w.org\/{rel}","templated":true}]}}