{"id":542,"date":"2019-08-19T11:17:22","date_gmt":"2019-08-19T09:17:22","guid":{"rendered":"https:\/\/www.gresduvent.fr\/site\/?page_id=542"},"modified":"2022-01-21T20:51:54","modified_gmt":"2022-01-21T19:51:54","slug":"jeux-mysterre-pierre-percee","status":"publish","type":"page","link":"https:\/\/www.gresduvent.fr\/site\/jeux-mysterre-pierre-percee\/","title":{"rendered":"Jeu MysTerre Pierre Perc\u00e9e"},"content":{"rendered":"<h1 style=\"text-align: center;\">La chasse au tr\u00e9sor :<\/h1>\n<h1 style=\"text-align: center;\">&#8220;MysTerre de la Pierre Perc\u00e9e&#8221;<\/h1>\n<p style=\"text-align: center;\">(Pour plus de d\u00e9tails sur ces chasses aux tr\u00e9sors MysTerres, clique directement dans le menu principal sur &#8220;jeu&#8221;.)<\/p>\n<div class=\"wp-playlist wp-video-playlist wp-playlist-light\">\n\t\t<video controls=\"controls\" preload=\"none\" width=\"778\"\n\t\t height=\"438\"\t><\/video>\n\t<div class=\"wp-playlist-next\"><\/div>\n\t<div class=\"wp-playlist-prev\"><\/div>\n\t<noscript>\n\t<ol>\n\t\t<li><a href='https:\/\/www.gresduvent.fr\/site\/wp-content\/uploads\/2020\/01\/Les-Mysterres.m4v'>Les Mysterres<\/a><\/li>\t<\/ol>\n\t<\/noscript>\n\t<script type=\"application\/json\" class=\"wp-playlist-script\">{\"type\":\"video\",\"tracklist\":true,\"tracknumbers\":true,\"images\":true,\"artists\":true,\"tracks\":[{\"src\":\"https:\/\/www.gresduvent.fr\/site\/wp-content\/uploads\/2020\/01\/Les-Mysterres.m4v\",\"type\":\"video\/mp4\",\"title\":\"Les Mysterres\",\"caption\":\"\",\"description\":\"\",\"meta\":{\"length_formatted\":\"4:09\"},\"dimensions\":{\"original\":{\"width\":960,\"height\":540},\"resized\":{\"width\":778,\"height\":438}},\"image\":{\"src\":\"https:\/\/www.gresduvent.fr\/site\/wp-includes\/images\/media\/video.svg\",\"width\":48,\"height\":64},\"thumb\":{\"src\":\"https:\/\/www.gresduvent.fr\/site\/wp-includes\/images\/media\/video.svg\",\"width\":48,\"height\":64}}]}<\/script>\n<\/div>\n\t\n<p>&nbsp;<\/p>\n<h3 style=\"text-align: center;\">\u00a0Plusieurs formules possibles<\/h3>\n<p>&nbsp;<\/p>\n<p>&nbsp;<\/p>\n<p><span style=\"font-size: 18pt;\">R\u00e9servez-le vite sur https:\/\/gresduvent.eproshopping.fr<br \/>\n<\/span><\/p>\n<p>&nbsp;<\/p>\n<h3 style=\"text-align: center;\"><\/h3>\n","protected":false},"excerpt":{"rendered":"<p>La chasse au tr\u00e9sor : &#8220;MysTerre de la Pierre Perc\u00e9e&#8221; (Pour plus de d\u00e9tails sur ces chasses aux tr\u00e9sors MysTerres, clique directement dans le menu principal sur &#8220;jeu&#8221;.) &nbsp; \u00a0Plusieurs formules possibles &nbsp; &nbsp; R\u00e9servez-le vite sur https:\/\/gresduvent.eproshopping.fr &nbsp;<\/p>\n","protected":false},"author":2,"featured_media":0,"parent":0,"menu_order":0,"comment_status":"closed","ping_status":"closed","template":"","meta":{"footnotes":""},"class_list":["post-542","page","type-page","status-publish","hentry","clearfix"],"_links":{"self":[{"href":"https:\/\/www.gresduvent.fr\/site\/wp-json\/wp\/v2\/pages\/542","targetHints":{"allow":["GET"]}}],"collection":[{"href":"https:\/\/www.gresduvent.fr\/site\/wp-json\/wp\/v2\/pages"}],"about":[{"href":"https:\/\/www.gresduvent.fr\/site\/wp-json\/wp\/v2\/types\/page"}],"author":[{"embeddable":true,"href":"https:\/\/www.gresduvent.fr\/site\/wp-json\/wp\/v2\/users\/2"}],"replies":[{"embeddable":true,"href":"https:\/\/www.gresduvent.fr\/site\/wp-json\/wp\/v2\/comments?post=542"}],"version-history":[{"count":18,"href":"https:\/\/www.gresduvent.fr\/site\/wp-json\/wp\/v2\/pages\/542\/revisions"}],"predecessor-version":[{"id":1977,"href":"https:\/\/www.gresduvent.fr\/site\/wp-json\/wp\/v2\/pages\/542\/revisions\/1977"}],"wp:attachment":[{"href":"https:\/\/www.gresduvent.fr\/site\/wp-json\/wp\/v2\/media?parent=542"}],"curies":[{"name":"wp","href":"https:\/\/api.w.org\/{rel}","templated":true}]}}